{"id":183,"date":"2020-01-22T10:00:09","date_gmt":"2020-01-22T10:00:09","guid":{"rendered":"https:\/\/bridge316.qodeinteractive.com\/?page_id=183"},"modified":"2024-09-19T16:46:38","modified_gmt":"2024-09-19T14:46:38","slug":"contact","status":"publish","type":"page","link":"https:\/\/privatelabel.bidfood.be\/index.php\/contact\/","title":{"rendered":"Contact"},"content":{"rendered":"\t\t<div data-elementor-type=\"wp-page\" data-elementor-id=\"183\" class=\"elementor elementor-183\">\n\t\t\t\t\t\t<section class=\"elementor-section elementor-top-section elementor-element elementor-element-178e80d qode_elementor_container_inner elementor-section-boxed elementor-section-height-default elementor-section-height-default wpr-particle-no wpr-jarallax-no wpr-parallax-no wpr-sticky-section-no parallax_section_no\" data-id=\"178e80d\" data-element_type=\"section\">\n\t\t\t\t\t\t<div class=\"elementor-container elementor-column-gap-default\">\n\t\t\t\t\t<div class=\"elementor-column elementor-col-50 elementor-top-column elementor-element elementor-element-8563ed9\" data-id=\"8563ed9\" data-element_type=\"column\">\n\t\t\t<div class=\"elementor-widget-wrap\">\n\t\t\t\t\t\t\t<\/div>\n\t\t<\/div>\n\t\t\t\t<div class=\"elementor-column elementor-col-50 elementor-top-column elementor-element elementor-element-180dff1\" data-id=\"180dff1\" data-element_type=\"column\">\n\t\t\t<div class=\"elementor-widget-wrap elementor-element-populated\">\n\t\t\t\t\t\t<div class=\"elementor-element elementor-element-c90370c elementor-widget__width-initial elementor-widget elementor-widget-text-editor\" data-id=\"c90370c\" data-element_type=\"widget\" data-widget_type=\"text-editor.default\">\n\t\t\t\t<div class=\"elementor-widget-container\">\n\t\t\t\t\t\t\t<h2>Bidfood Belgium<\/h2>\t\t\t\t\t\t<\/div>\n\t\t\t\t<\/div>\n\t\t\t\t<div class=\"elementor-element elementor-element-e269240 elementor-widget elementor-widget-text-editor\" data-id=\"e269240\" data-element_type=\"widget\" data-widget_type=\"text-editor.default\">\n\t\t\t\t<div class=\"elementor-widget-container\">\n\t\t\t\t\t\t\t<div class=\"elementor-element elementor-element-984bf48 elementor-widget elementor-widget-text-editor\" data-id=\"984bf48\" data-element_type=\"widget\" data-widget_type=\"text-editor.default\">\n<div class=\"elementor-widget-container\">Nos diff\u00e9rents si\u00e8ges pour mieux vous servir<\/div>\n<\/div>\n<div class=\"elementor-element elementor-element-4b16c87 elementor-widget elementor-widget-text-editor\" data-id=\"4b16c87\" data-element_type=\"widget\" data-widget_type=\"text-editor.default\">\n<div class=\"elementor-widget-container\">\n<p>Que vous soyez client issu de l\u2019Horeca ou des collectivit\u00e9s, vous trouverez ici toutes les informations de contact n\u00e9cessaires.<\/p>\n<p>Vous n\u2019\u00eates pas \u00e0 l\u2019aise avec la commande en ligne?<br>Pas de probl\u00e8me, passez votre commande par&nbsp;t\u00e9l\u00e9phone, mail ou par fax et notre \u00e9quipe se fera un plaisir de vous servir.<\/p>\n<\/div>\n<\/div>\t\t\t\t\t\t<\/div>\n\t\t\t\t<\/div>\n\t\t\t\t\t<\/div>\n\t\t<\/div>\n\t\t\t\t\t<\/div>\n\t\t<\/section>\n\t\t<div class=\"elementor-element elementor-element-e31e79b e-flex e-con-boxed wpr-particle-no wpr-jarallax-no wpr-parallax-no wpr-sticky-section-no parallax_section_no qode_elementor_container_no e-con e-parent\" data-id=\"e31e79b\" data-element_type=\"container\">\n\t\t\t\t\t<div class=\"e-con-inner\">\n\t\t\t\t<div class=\"elementor-element elementor-element-2890a14 elementor-widget elementor-widget-text-editor\" data-id=\"2890a14\" data-element_type=\"widget\" data-widget_type=\"text-editor.default\">\n\t\t\t\t<div class=\"elementor-widget-container\">\n\t\t\t\t\t\t\t<h3><strong>Restauration commerciale, sociale et grossistes r\u00e9gionaux<\/strong><\/h3>\t\t\t\t\t\t<\/div>\n\t\t\t\t<\/div>\n\t\t\t\t<div class=\"elementor-element elementor-element-d86fe7a elementor-widget__width-initial elementor-widget elementor-widget-text-editor\" data-id=\"d86fe7a\" data-element_type=\"widget\" data-widget_type=\"text-editor.default\">\n\t\t\t\t<div class=\"elementor-widget-container\">\n\t\t\t\t\t\t\t<div class=\"elementor-element elementor-element-a794379 elementor-widget elementor-widget-text-editor\" data-id=\"a794379\" data-element_type=\"widget\" data-widget_type=\"text-editor.default\"><div class=\"elementor-widget-container\"><h4><strong>Thuin<\/strong><\/h4><\/div><\/div><div class=\"elementor-element elementor-element-12a9c75 elementor-widget elementor-widget-image\" data-id=\"12a9c75\" data-element_type=\"widget\" data-widget_type=\"image.default\"><div class=\"elementor-widget-container\"><img decoding=\"async\" class=\"attachment-large size-large wp-image-517 aligncenter\" src=\"https:\/\/www.bidfood.be\/wp-content\/uploads\/2023\/02\/thuin-150x150-2.png\" alt=\"\" width=\"150\" height=\"150\" \/><\/div><\/div><div class=\"elementor-element elementor-element-4efb39a elementor-widget elementor-widget-text-editor\" data-id=\"4efb39a\" data-element_type=\"widget\" data-widget_type=\"text-editor.default\"><div class=\"elementor-widget-container\"><p>Avenue Deli XL, 1<br \/>6530 Thuin<\/p><p><i class=\"fa fa-phone\"><\/i>\u00a0+32 71 91.97.25<br \/><i class=\"fa fa-fax\"><\/i>\u00a0+32 71 34.43.37<\/p><p><i class=\"icon-email\"><\/i>\u00a0<a href=\"mailto:csosud@bidfood.be\">csosud@bidfood.be<\/a><\/p><\/div><\/div>\t\t\t\t\t\t<\/div>\n\t\t\t\t<\/div>\n\t\t\t\t\t<\/div>\n\t\t\t\t<\/div>\n\t\t\t\t<\/div>\n\t\t","protected":false},"excerpt":{"rendered":"<p>Bidfood Belgium Nos diff\u00e9rents si\u00e8ges pour mieux vous servir Que vous soyez client issu de l\u2019Horeca ou des collectivit\u00e9s, vous trouverez ici toutes les informations de contact n\u00e9cessaires. Vous n\u2019\u00eates pas \u00e0 l\u2019aise avec la commande en ligne?Pas de probl\u00e8me, passez votre commande par&nbsp;t\u00e9l\u00e9phone, mail&#8230;<\/p>\n","protected":false},"author":1,"featured_media":0,"parent":0,"menu_order":0,"comment_status":"closed","ping_status":"closed","template":"full_width.php","meta":{"footnotes":""},"class_list":["post-183","page","type-page","status-publish","hentry"],"_links":{"self":[{"href":"https:\/\/privatelabel.bidfood.be\/index.php\/wp-json\/wp\/v2\/pages\/183","targetHints":{"allow":["GET"]}}],"collection":[{"href":"https:\/\/privatelabel.bidfood.be\/index.php\/wp-json\/wp\/v2\/pages"}],"about":[{"href":"https:\/\/privatelabel.bidfood.be\/index.php\/wp-json\/wp\/v2\/types\/page"}],"author":[{"embeddable":true,"href":"https:\/\/privatelabel.bidfood.be\/index.php\/wp-json\/wp\/v2\/users\/1"}],"replies":[{"embeddable":true,"href":"https:\/\/privatelabel.bidfood.be\/index.php\/wp-json\/wp\/v2\/comments?post=183"}],"version-history":[{"count":20,"href":"https:\/\/privatelabel.bidfood.be\/index.php\/wp-json\/wp\/v2\/pages\/183\/revisions"}],"predecessor-version":[{"id":4073,"href":"https:\/\/privatelabel.bidfood.be\/index.php\/wp-json\/wp\/v2\/pages\/183\/revisions\/4073"}],"wp:attachment":[{"href":"https:\/\/privatelabel.bidfood.be\/index.php\/wp-json\/wp\/v2\/media?parent=183"}],"curies":[{"name":"wp","href":"https:\/\/api.w.org\/{rel}","templated":true}]}}