{"id":2601,"date":"2024-07-24T13:49:18","date_gmt":"2024-07-24T11:49:18","guid":{"rendered":"https:\/\/privatelabel.bidfood.be\/?post_type=product&#038;p=2601"},"modified":"2024-07-30T09:26:35","modified_gmt":"2024-07-30T07:26:35","slug":"pommes-entires-peles-sans-trognon-15-pices","status":"publish","type":"product","link":"https:\/\/privatelabel.bidfood.be\/index.php\/product\/pommes-entires-peles-sans-trognon-15-pices\/","title":{"rendered":"Pommes enti\u00e8res pel\u00e9es sans trognon (15 pi\u00e8ces)"},"content":{"rendered":"","protected":false},"excerpt":{"rendered":"<p>Marque : Smart Choice<br \/>\nTemperature : Sec<br \/>\nConditionnement : 6x3L<\/p>\n","protected":false},"featured_media":3557,"template":"","meta":[],"product_cat":[368,370,367],"product_tag":[373],"class_list":{"0":"post-2601","1":"product","2":"type-product","3":"status-publish","4":"has-post-thumbnail","6":"product_cat-de-clercq","7":"product_cat-horeca-service","8":"product_cat-thuin-kruibeke","9":"product_tag-fruits","11":"first","12":"instock","13":"shipping-taxable","14":"product-type-simple"},"_links":{"self":[{"href":"https:\/\/privatelabel.bidfood.be\/index.php\/wp-json\/wp\/v2\/product\/2601","targetHints":{"allow":["GET"]}}],"collection":[{"href":"https:\/\/privatelabel.bidfood.be\/index.php\/wp-json\/wp\/v2\/product"}],"about":[{"href":"https:\/\/privatelabel.bidfood.be\/index.php\/wp-json\/wp\/v2\/types\/product"}],"wp:featuredmedia":[{"embeddable":true,"href":"https:\/\/privatelabel.bidfood.be\/index.php\/wp-json\/wp\/v2\/media\/3557"}],"wp:attachment":[{"href":"https:\/\/privatelabel.bidfood.be\/index.php\/wp-json\/wp\/v2\/media?parent=2601"}],"wp:term":[{"taxonomy":"product_cat","embeddable":true,"href":"https:\/\/privatelabel.bidfood.be\/index.php\/wp-json\/wp\/v2\/product_cat?post=2601"},{"taxonomy":"product_tag","embeddable":true,"href":"https:\/\/privatelabel.bidfood.be\/index.php\/wp-json\/wp\/v2\/product_tag?post=2601"}],"curies":[{"name":"wp","href":"https:\/\/api.w.org\/{rel}","templated":true}]}}