{"id":2645,"date":"2024-07-24T13:50:02","date_gmt":"2024-07-24T11:50:02","guid":{"rendered":"https:\/\/privatelabel.bidfood.be\/?post_type=product&#038;p=2645"},"modified":"2024-07-29T14:06:38","modified_gmt":"2024-07-29T12:06:38","slug":"pure-prte-lemploi","status":"publish","type":"product","link":"https:\/\/privatelabel.bidfood.be\/index.php\/product\/pure-prte-lemploi\/","title":{"rendered":"Pur\u00e9e pr\u00eate \u00e0 l&#8217;emploi"},"content":{"rendered":"","protected":false},"excerpt":{"rendered":"<p>Marque : Smart Choice<br \/>\nTemperature : Sec<br \/>\nConditionnement : 2&#215;2,5kg<\/p>\n","protected":false},"featured_media":0,"template":"","meta":[],"product_cat":[368,370,367],"product_tag":[379],"class_list":{"0":"post-2645","1":"product","2":"type-product","3":"status-publish","5":"product_cat-de-clercq","6":"product_cat-horeca-service","7":"product_cat-thuin-kruibeke","8":"product_tag-pommes-de-terre","10":"first","11":"instock","12":"shipping-taxable","13":"product-type-simple"},"_links":{"self":[{"href":"https:\/\/privatelabel.bidfood.be\/index.php\/wp-json\/wp\/v2\/product\/2645","targetHints":{"allow":["GET"]}}],"collection":[{"href":"https:\/\/privatelabel.bidfood.be\/index.php\/wp-json\/wp\/v2\/product"}],"about":[{"href":"https:\/\/privatelabel.bidfood.be\/index.php\/wp-json\/wp\/v2\/types\/product"}],"wp:attachment":[{"href":"https:\/\/privatelabel.bidfood.be\/index.php\/wp-json\/wp\/v2\/media?parent=2645"}],"wp:term":[{"taxonomy":"product_cat","embeddable":true,"href":"https:\/\/privatelabel.bidfood.be\/index.php\/wp-json\/wp\/v2\/product_cat?post=2645"},{"taxonomy":"product_tag","embeddable":true,"href":"https:\/\/privatelabel.bidfood.be\/index.php\/wp-json\/wp\/v2\/product_tag?post=2645"}],"curies":[{"name":"wp","href":"https:\/\/api.w.org\/{rel}","templated":true}]}}