{"id":3004,"date":"2024-07-24T13:54:51","date_gmt":"2024-07-24T11:54:51","guid":{"rendered":"https:\/\/privatelabel.bidfood.be\/?post_type=product&#038;p=3004"},"modified":"2024-07-30T15:07:17","modified_gmt":"2024-07-30T13:07:17","slug":"saumon-fum-artisanal-prtranch-12-15kg","status":"publish","type":"product","link":"https:\/\/privatelabel.bidfood.be\/index.php\/product\/saumon-fum-artisanal-prtranch-12-15kg\/","title":{"rendered":"Saumon fum\u00e9 artisanal pr\u00e9tranch\u00e9 1,2-1,5kg"},"content":{"rendered":"","protected":false},"excerpt":{"rendered":"<p>Marque : Chef&rsquo;s Fine Cook<br \/>\nTemperature : Frais<br \/>\nConditionnement : +-1,350kg<\/p>\n","protected":false},"featured_media":0,"template":"","meta":[],"product_cat":[370,367],"product_tag":[386],"class_list":{"0":"post-3004","1":"product","2":"type-product","3":"status-publish","5":"product_cat-horeca-service","6":"product_cat-thuin-kruibeke","7":"product_tag-produits-de-la-mer","9":"first","10":"instock","11":"shipping-taxable","12":"product-type-simple"},"_links":{"self":[{"href":"https:\/\/privatelabel.bidfood.be\/index.php\/wp-json\/wp\/v2\/product\/3004","targetHints":{"allow":["GET"]}}],"collection":[{"href":"https:\/\/privatelabel.bidfood.be\/index.php\/wp-json\/wp\/v2\/product"}],"about":[{"href":"https:\/\/privatelabel.bidfood.be\/index.php\/wp-json\/wp\/v2\/types\/product"}],"wp:attachment":[{"href":"https:\/\/privatelabel.bidfood.be\/index.php\/wp-json\/wp\/v2\/media?parent=3004"}],"wp:term":[{"taxonomy":"product_cat","embeddable":true,"href":"https:\/\/privatelabel.bidfood.be\/index.php\/wp-json\/wp\/v2\/product_cat?post=3004"},{"taxonomy":"product_tag","embeddable":true,"href":"https:\/\/privatelabel.bidfood.be\/index.php\/wp-json\/wp\/v2\/product_tag?post=3004"}],"curies":[{"name":"wp","href":"https:\/\/api.w.org\/{rel}","templated":true}]}}